 154. Suppose -3*t = 2*c - q - 99, -4*t = -5*c - 229. List the prime factors of t.
2, 7
Let w be 2/(-5) - 484/(-110). Suppose 3*a - 177 = 3*u - 555, -3*a = w*u + 371. What are the prime factors of 10/2*5/(a/(-790))?
2, 79
Let z(t) = 11745*t**2 - 65*t + 10. List the prime factors of z(2).
2, 3, 5, 11, 71
Suppose -307 + 355 = 8*q. List the prime factors of 21810/18 - 4/q.
7, 173
Let n(g) = -2*g + 16. Let z be n(9). Let l(m) = 142*m**2 + 7*m + 5. What are the prime factors of l(z)?
13, 43
Let r be 3 - 4 - 2*89. Suppose 0 = 107*x - 27*x - 32960. Let c = x + r. List the prime factors of c.
233
Suppose r - l - 8 = -5*l, 5*r - 5*l = 15. Let q(u) = 28*u - 116. Let i be q(4). List the prime factors of 8*(78/r + i).
2, 31
Let s = -54 - -59. Suppose 0 = -5*f + f - s*f. What are the prime factors of (-6)/12*f - (-82)/1?
2, 41
Let t(l) = -85*l + 1. Let o be t(2). Let d(q) = -21*q + 6. Let c be d(4). Let w = c - o. List the prime factors of w.
7, 13
Suppose -2*x - 3*x + 1870 = 0. Suppose -166 + 10 = -13*r. What are the prime factors of 4/r*(x + (2 - 1))?
5
Let t = -10047 - -31996. List the prime factors of t.
47, 467
Let i be -6 + 2532 + -1*1 + 2. Suppose 0 = 2*x + 5*x - i. What are the prime factors of x?
19
Let n(i) = -i**3 + 5*i**2 - 19*i + 339. List the prime factors of n(-22).
5, 7, 79
Suppose 21*m = z + 23*m - 715, -m = 3*z - 2135. List the prime factors of z.
3, 79
List the prime factors of 425*((7 + -343)/(-7) - (-4 + 2)).
2, 5, 17
Suppose 1573 = 8*k - 10043. Let n = -137 + k. List the prime factors of n.
5, 263
Let k(l) = 21*l**3 - 2*l + 1. Let i(u) = 6*u - 52. Let q be i(9). Suppose 0 = 2*n - 3*h + 10, -2 = -q*n - 2*h + 8. What are the prime factors of k(n)?
2, 5
Suppose -2*x = 5*b - 995, -2*x + 2 = -8. Let n = -106 + b. What are the prime factors of n?
7, 13
List the prime factors of ((-2)/(-1) + 0)/(3/899424*9).
2, 3, 347
Suppose -16577 + 88535 = 17*r - 11*r. What are the prime factors of r?
67, 179
Let b(k) = -2*k**2 - 20*k - 13. Let y be 13*-1 - (-24)/18*3. Let n be b(y). Suppose -194 = -n*w + 186. What are the prime factors of w?
2, 19
Let y be (-5050)/(-40) - 2/8. Let u = -192 + y. Let d = u + 236. What are the prime factors of d?
2, 5, 17
List the prime factors of ((-114)/4)/((3/(-1044))/((-2)/(-2))).
2, 3, 19, 29
Suppose s - 2*s + 3 = 0, -8195 = -y + 5*s. What are the prime factors of y?
2, 5, 821
Suppose 4*u + 23 = 31. Suppose 2*f = -u*f + 1264. What are the prime factors of f?
2, 79
Let o be 0/((-12)/(-3)) - 2. Let l(r) = -2*r**2 + 5*r + 15. Let k be l(o). What are the prime factors of 5 + (2 - 330/k)?
3, 13
Let f be ((-7)/14)/((-2)/4). Let j be ((-1)/(-5 - -4))/f. What are the prime factors of (-3740)/(-50) - j/(-5)?
3, 5
Let q be 2 - (2 - -1) - (0 + -3). Let s(l) = 6*l - 10. Let n(p) = -13*p + 19. Let m(o) = q*n(o) + 5*s(o). List the prime factors of m(5).
2
What are the prime factors of (-4 - -8576) + 6/(-9)*6?
2, 3, 7, 17
Suppose -170*z + 61552 = -154*z. List the prime factors of z.
3847
Let k = 91654 + -58911. What are the prime factors of k?
137, 239
Suppose 331*l + 1834788 = 16*l + 6126033. What are the prime factors of l?
3, 19, 239
Let i = -115 - -930. Let z = i + -693. List the prime factors of z.
2, 61
List the prime factors of 7 + -4 + (14095 - 4) - -3.
3, 37, 127
Let c(n) = 42*n**2 + 427*n + 136. List the prime factors of c(-25).
3, 5237
Let k be (0 - 16/(-6))/((-2)/(-18)). Let w be ((-10)/k + (-14)/(-21))*0. Suppose 5*b + 4 - 489 = w. List the prime factors of b.
97
Suppose 25*h - 3*h = 11308. Suppose -2*y + 148 = -h. List the prime factors of y.
331
Let d be 1476/90 - (2/5 - 0). Suppose 4*g + 12 = 0, -4*k - 2*g + 31 = -7*g. Suppose 3*v = k*p + d, 3*v - 6*v = 4*p - 32. List the prime factors of v.
2
Let m(g) = g**3 + 19*g**2 + 14*g - 72. Let x be m(-18). Let n be (-5)/1*(0 + -1). Suppose n*v + 4*v - 162 = x. List the prime factors of v.
2, 3
Suppose 329332 = -82*u + 1008292. List the prime factors of u.
2, 3, 5, 23
Let k(v) = 11*v**2 - 10*v. Let l(j) = -j**3 + 4*j**2 - 5*j + 10. Suppose -16 = -2*u - 10. Let z be l(u). What are the prime factors of k(z)?
2, 17
Suppose 2*y = 4, 2*y + 46 = -2*w - 3*w. Let l(z) be the second derivative of -7*z**3/6 - 17*z**2/2 + 10*z. List the prime factors of l(w).
53
Let k(x) = 52*x + 8. Suppose -39 = -3*i - 30. Let q(m) = -2*m**3 + 6*m**2 - m + 5. Let n be q(i). What are the prime factors of k(n)?
2, 7
Suppose 3*v - 9 = 0, 3*w = 13*v - 15*v + 62295. List the prime factors of w.
3, 769
Let h = 872 + 29. Suppose -10*w + h = -9. What are the prime factors of w?
7, 13
Suppose -o = -2*o + 47. Suppose -253*a + 11127 = -2535 - 14168. Let k = o + a. List the prime factors of k.
157
Let m = -3209 - -634. Let g = -1069 - m. List the prime factors of g.
2, 3, 251
Suppose 25*p - 22*p = d - 4556, 0 = 4*d + 5*p - 18139. What are the prime factors of d?
19, 239
Suppose -5*u - 5*k = -6*u + 5244, 0 = -3*u + 4*k + 15732. What are the prime factors of u?
2, 3, 19, 23
Suppose 15535 = 18*j - 52757. What are the prime factors of j?
2, 7, 271
Suppose 36*k - 24*k = 24. Suppose z - u - k*u = 327, u + 965 = 3*z. List the prime factors of z.
3, 107
Let i = 18 - 42. Let t be (-536)/i - (-4)/6. Let v = t - -29. List the prime factors of v.
2, 13
Let u(j) = -j**3 - 11*j**2 + 8*j - 40. Let t be u(-12). Suppose m + d = -163, 4*m - 3*d = -t*d - 653. What are the prime factors of ((-136)/(-6))/((-18)/m)?
2, 3, 17
List the prime factors of 22 - -3529 - (-16)/(-6)*(-36)/16.
3557
Let l(o) = -2*o**2 - 104*o + 137. Let f be l(-54). Suppose -2*y - 362 = 20. Let g = f - y. What are the prime factors of g?
2, 7
Let x = -63 + 146. Let u = x + 145. What are the prime factors of u?
2, 3, 19
Let j(r) = r**2 - r + 1. Let x be j(-1). Let u be (27/(-6) + x)*2. List the prime factors of 1 + (-6)/9*u.
3
Let n(i) = -31 + 12*i + 4 + 9 + 9. Let z be n(6). Let j = z - -97. What are the prime factors of j?
2, 5
Let j(r) = 33*r**2 + 12*r - 14. Suppose -3*z + 7 = -g - 0, -18 = -2*z - 2*g. List the prime factors of j(z).
2, 281
Let o(q) = 6*q + 30. Let z = -3 - 10. Let d be o(z). Let h = d + 90. What are the prime factors of h?
2, 3, 7
Let d = 535 - 145. Suppose 6*c = 4*c + d. What are the prime factors of c?
3, 5, 13
Suppose 3*d - b = 9, 3*b = 5*b - 6. Suppose 90 = -5*c - d*c. List the prime factors of ((-13)/2 + 1)*(0 + c).
5, 11
Suppose 3*y + 4753 = x - y, -x + 2*y = -4747. Suppose -m + 12*m = x. List the prime factors of m.
431
Suppose 4*g - 4*x + 30 = 5*g, 3*g + 3*x - 45 = 0. Let h(q) = 2*q**3 - 12*q**2 + 2*q - 5. What are the prime factors of h(g)?
5, 163
Let k(t) be the third derivative of t**6/120 - t**5/5 + 5*t**4/12 + 5*t**3/2 - 4*t**2 - 16*t. What are the prime factors of k(14)?
547
Let r = -12967 + 27621. What are the prime factors of r?
2, 17, 431
Let u be (-10)/20 + 3/(6/5). Suppose -5*l + 2775 = u*o, -2132 = -4*o - 3*l + 3453. List the prime factors of o.
2, 5, 7
Suppose -557*t = -576*t + 173888. List the prime factors of t.
2, 11, 13
Let k be (-12)/(-8)*(-16)/(-12). What are the prime factors of (-307)/(-3) + k/(-6)?
2, 3, 17
Suppose 0 = 5*v + 5*d - 1990 - 985, -2*v - 3*d + 1186 = 0. Let x = -413 + v. List the prime factors of x.
2, 3, 31
Let o = -14 - -17. Suppose 6*g + o*g - 270 = 0. Suppose g*i = 31*i - 146. List the prime factors of i.
2, 73
Let t(l) = 16 - 46 + 15 + 64*l + 13. List the prime factors of t(4).
2, 127
Let q = -280 - -816. Suppose 0 = 11*z + 140 - q. List the prime factors of z.
2, 3
Let y(j) = 1624*j - 6601. What are the prime factors of y(29)?
5, 7, 13, 89
List the prime factors of ((-783)/(-36) - (5 + 2))/((-1)/(-476)).
7, 17, 59
Let k(q) = -4*q - 1. Let x be k(-1). Let z(n) = 22*n**3 + 5*n**2 - 4*n - 6. List the prime factors of z(x).
3, 23
Suppose 0*i - 15 = -i - 3*m, 5*m - 20 = 0. Suppose 0 = q + 5*o - 1091, -6*q = -q - i*o - 5567. What are the prime factors of q?
11, 101
Suppose -249693 = -96*g - 16797. What are the prime factors of g?
2, 1213
Let b(y) = 37*y**2 - 93 + 29*y**2 - 10*y + 103. What are the prime factors of b(2)?
2, 127
Suppose -275730 - 67221 = -21*o. List the prime factors of o.
7, 2333
Let t = -406 - -414. Let g(m) = 46*m + 100. What are the prime factors of g(t)?
2, 3, 13
Let k = -19 - -23. Suppose 2*b + 20 = -k*u, -u - 4*u - 11 = -b. What are the prime factors of ((8/u)/(-1))/(4/12)?
2
